{"version":"1.0","provider_name":"Entente assurance collective pour les organisations","provider_url":"https:\/\/ententeinsurance.ca\/fr\/","title":"Configurer la deuxi\u00e8me avis m\u00e9dical, services de navigation et d\u2019accompagnement en sant\u00e9 - Entente assurance collective pour les organisations","type":"rich","width":600,"height":338,"html":"<blockquote class=\"wp-embedded-content\" data-secret=\"RWrOQIUWPx\"><a href=\"https:\/\/ententeinsurance.ca\/fr\/faqs\/configurer-la-deuxieme-opinion-medicale-cloudmd\/\">Configurer la deuxi\u00e8me avis m\u00e9dical, services de navigation et d\u2019accompagnement en sant\u00e9<\/a><\/blockquote><iframe sandbox=\"allow-scripts\" security=\"restricted\" src=\"https:\/\/ententeinsurance.ca\/fr\/faqs\/configurer-la-deuxieme-opinion-medicale-cloudmd\/embed\/#?secret=RWrOQIUWPx\" width=\"600\" height=\"338\" title=\"\u00ab\u00a0Configurer la deuxi\u00e8me avis m\u00e9dical, services de navigation et d\u2019accompagnement en sant\u00e9\u00a0\u00bb &#8212; Entente assurance collective pour les organisations\" data-secret=\"RWrOQIUWPx\" frameborder=\"0\" marginwidth=\"0\" marginheight=\"0\" scrolling=\"no\" class=\"wp-embedded-content\"><\/iframe><script>\n\/*! This file is auto-generated *\/\n!function(d,l){\"use strict\";l.querySelector&&d.addEventListener&&\"undefined\"!=typeof URL&&(d.wp=d.wp||{},d.wp.receiveEmbedMessage||(d.wp.receiveEmbedMessage=function(e){var t=e.data;if((t||t.secret||t.message||t.value)&&!\/[^a-zA-Z0-9]\/.test(t.secret)){for(var s,r,n,a=l.querySelectorAll('iframe[data-secret=\"'+t.secret+'\"]'),o=l.querySelectorAll('blockquote[data-secret=\"'+t.secret+'\"]'),c=new RegExp(\"^https?:$\",\"i\"),i=0;i<o.length;i++)o[i].style.display=\"none\";for(i=0;i<a.length;i++)s=a[i],e.source===s.contentWindow&&(s.removeAttribute(\"style\"),\"height\"===t.message?(1e3<(r=parseInt(t.value,10))?r=1e3:~~r<200&&(r=200),s.height=r):\"link\"===t.message&&(r=new URL(s.getAttribute(\"src\")),n=new URL(t.value),c.test(n.protocol))&&n.host===r.host&&l.activeElement===s&&(d.top.location.href=t.value))}},d.addEventListener(\"message\",d.wp.receiveEmbedMessage,!1),l.addEventListener(\"DOMContentLoaded\",function(){for(var e,t,s=l.querySelectorAll(\"iframe.wp-embedded-content\"),r=0;r<s.length;r++)(t=(e=s[r]).getAttribute(\"data-secret\"))||(t=Math.random().toString(36).substring(2,12),e.src+=\"#?secret=\"+t,e.setAttribute(\"data-secret\",t)),e.contentWindow.postMessage({message:\"ready\",secret:t},\"*\")},!1)))}(window,document);\n\/\/# sourceURL=https:\/\/ententeinsurance.ca\/wp-includes\/js\/wp-embed.min.js\n<\/script>\n","description":"Dans le cadre du r\u00e9gime Assurance maladie compl\u00e9mentaire, vous et vos personnes \u00e0 charge avez acc\u00e8s gratuitement aux ressources exhaustives de Novus Sant\u00e9 et \u00e0 une \u00e9quipe de sp\u00e9cialistes de l\u2019information sur la sant\u00e9 et d\u2019infirmi\u00e8res gestionnaires de cas qui vous donnent des conseils fiables afin que vous puissiez prendre des d\u00e9cisions \u00e9clair\u00e9es au sujet [&hellip;]","thumbnail_url":"https:\/\/ententeinsurance.ca\/wp-content\/uploads\/2026\/02\/featured-image.png","thumbnail_width":1140,"thumbnail_height":690}

Configurer la deuxième avis médical, services de navigation et d’accompagnement en santé - Entente assurance collective pour les organisations

<blockquote class="wp-embedded-content" data-secret="RWrOQIUWPx"><a href="https://ententeinsurance.ca/fr/faqs/configurer-la-deuxieme-opinion-medicale-cloudmd/">Configurer la deuxième avis médical, services de navigation et d’accompagnement en santé</a></blockquote><iframe sandbox="allow-scripts" security="restricted" src="https://ententeinsurance.ca/fr/faqs/configurer-la-deuxieme-opinion-medicale-cloudmd/embed/#?secret=RWrOQIUWPx" width="600" height="338" title="« Configurer la deuxième avis médical, services de navigation et d’accompagnement en santé » &#8212; Entente assurance collective pour les organisations" data-secret="RWrOQIUWPx" frameborder="0" marginwidth="0" marginheight="0" scrolling="no" class="wp-embedded-content"></iframe><script>
/*! This file is auto-generated */
!function(d,l){"use strict";l.querySelector&&d.addEventListener&&"undefined"!=typeof URL&&(d.wp=d.wp||{},d.wp.receiveEmbedMessage||(d.wp.receiveEmbedMessage=function(e){var t=e.data;if((t||t.secret||t.message||t.value)&&!/[^a-zA-Z0-9]/.test(t.secret)){for(var s,r,n,a=l.querySelectorAll('iframe[data-secret="'+t.secret+'"]'),o=l.querySelectorAll('blockquote[data-secret="'+t.secret+'"]'),c=new RegExp("^https?:$","i"),i=0;i<o.length;i++)o[i].style.display="none";for(i=0;i<a.length;i++)s=a[i],e.source===s.contentWindow&&(s.removeAttribute("style"),"height"===t.message?(1e3<(r=parseInt(t.value,10))?r=1e3:~~r<200&&(r=200),s.height=r):"link"===t.message&&(r=new URL(s.getAttribute("src")),n=new URL(t.value),c.test(n.protocol))&&n.host===r.host&&l.activeElement===s&&(d.top.location.href=t.value))}},d.addEventListener("message",d.wp.receiveEmbedMessage,!1),l.addEventListener("DOMContentLoaded",function(){for(var e,t,s=l.querySelectorAll("iframe.wp-embedded-content"),r=0;r<s.length;r++)(t=(e=s[r]).getAttribute("data-secret"))||(t=Math.random().toString(36).substring(2,12),e.src+="#?secret="+t,e.setAttribute("data-secret",t)),e.contentWindow.postMessage({message:"ready",secret:t},"*")},!1)))}(window,document);
//# sourceURL=https://ententeinsurance.ca/wp-includes/js/wp-embed.min.js
</script>

Dans le cadre du régime Assurance maladie complémentaire, vous et vos personnes à charge avez accès gratuitement aux ressources exhaustives de Novus Santé et à une équipe de spécialistes de l’information sur la santé et d’infirmières gestionnaires de cas qui vous donnent des conseils fiables afin que vous puissiez prendre des décisions éclairées au sujet [&hellip;]
